{"id":7668,"date":"2022-02-10T10:21:34","date_gmt":"2022-02-10T09:21:34","guid":{"rendered":"https:\/\/scriptor.de\/?page_id=7668"},"modified":"2025-11-19T15:00:59","modified_gmt":"2025-11-19T14:00:59","slug":"impressum-2","status":"publish","type":"page","link":"https:\/\/scriptor.de\/?page_id=7668","title":{"rendered":"Impressum"},"content":{"rendered":"<div id='av-layout-grid-1'  class='av-layout-grid-container av-llm0t0ip-7950a38608c3b0b641490a36e62a238e entry-content-wrapper main_color av-flex-cells  avia-builder-el-0  el_before_av_section  avia-builder-el-first  av-small-hide av-mini-hide container_wrap sidebar_right'  >\n\n<style type=\"text\/css\" data-created_by=\"avia_inline_auto\" id=\"style-css-av-9fy16s-44e49e229587a89acd6e84c7e3cfa3d3\">\n.flex_cell.av-9fy16s-44e49e229587a89acd6e84c7e3cfa3d3{\nvertical-align:middle;\nheight:75px;\nmin-height:75px;\nbackground-color:rgba(209,216,49,0.61);\n}\n<\/style>\n<div class='flex_cell av-9fy16s-44e49e229587a89acd6e84c7e3cfa3d3 av-gridrow-cell av_one_fifth no_margin av-hide-on-mobile  avia-builder-el-1  el_before_av_cell_one_fifth  avia-builder-el-first  content-align-middle'  ><div class='flex_cell_inner'><\/div><\/div>\n<style type=\"text\/css\" data-created_by=\"avia_inline_auto\" id=\"style-css-av-7st9dw-007c7444d48c612e97a3198228b1d7fb\">\n.flex_cell.av-7st9dw-007c7444d48c612e97a3198228b1d7fb{\nvertical-align:middle;\nheight:75px;\nmin-height:75px;\nbackground-color:rgba(209,216,49,0.61);\n}\n<\/style>\n<div class='flex_cell av-7st9dw-007c7444d48c612e97a3198228b1d7fb av-gridrow-cell av_one_fifth no_margin av-hide-on-mobile  avia-builder-el-2  el_after_av_cell_one_fifth  el_before_av_cell_one_fifth  content-align-middle'  ><div class='flex_cell_inner'><\/div><\/div>\n<style type=\"text\/css\" data-created_by=\"avia_inline_auto\" id=\"style-css-av-5utyxw-aa38cb9f30b4f8b3ce1fb5a1a2161908\">\n.flex_cell.av-5utyxw-aa38cb9f30b4f8b3ce1fb5a1a2161908{\nvertical-align:middle;\nheight:75px;\nmin-height:75px;\nbackground-color:#d1d831;\n}\n<\/style>\n<div class='flex_cell av-5utyxw-aa38cb9f30b4f8b3ce1fb5a1a2161908 av-gridrow-cell av_one_fifth no_margin  avia-builder-el-3  el_after_av_cell_one_fifth  el_before_av_cell_one_fifth  content-align-middle'  ><div class='flex_cell_inner'>\n<style type=\"text\/css\" data-created_by=\"avia_inline_auto\" id=\"style-css-av-llm0mwyx-fd836fae9ae863d27d3fe00017f13fcc\">\n#top .av-special-heading.av-llm0mwyx-fd836fae9ae863d27d3fe00017f13fcc{\nmargin:-15px 0px -15px 0px;\npadding-bottom:0;\ncolor:#ffffff;\n}\nbody .av-special-heading.av-llm0mwyx-fd836fae9ae863d27d3fe00017f13fcc .av-special-heading-tag .heading-char{\nfont-size:25px;\n}\n.av-special-heading.av-llm0mwyx-fd836fae9ae863d27d3fe00017f13fcc .special-heading-inner-border{\nborder-color:#eeee22;\n}\n.av-special-heading.av-llm0mwyx-fd836fae9ae863d27d3fe00017f13fcc .av-subheading{\nfont-size:15px;\ncolor:#b02b2c;\n}\nbody .av-special-heading.av-llm0mwyx-fd836fae9ae863d27d3fe00017f13fcc .av-special-heading-tag .heading-wrap:before{\nborder-color:#eeee22;\n}\nbody .av-special-heading.av-llm0mwyx-fd836fae9ae863d27d3fe00017f13fcc .av-special-heading-tag .heading-wrap:after{\nborder-color:#eeee22;\n}\n<\/style>\n<div  id=\"anker_mission\"  class='av-special-heading av-llm0mwyx-fd836fae9ae863d27d3fe00017f13fcc av-special-heading-h2 custom-color-heading blockquote modern-quote modern-centered  avia-builder-el-4  avia-builder-el-no-sibling '><h2 class='av-special-heading-tag '  itemprop=\"headline\"  >IMPRESSUM<\/h2><div class=\"special-heading-border\"><div class=\"special-heading-inner-border\"><\/div><\/div><\/div>\n<\/div><\/div>\n<style type=\"text\/css\" data-created_by=\"avia_inline_auto\" id=\"style-css-av-3t9fpw-8361295bd846b586804b097b2a97214b\">\n.flex_cell.av-3t9fpw-8361295bd846b586804b097b2a97214b{\nvertical-align:middle;\nheight:75px;\nmin-height:75px;\nbackground-color:rgba(209,216,49,0.61);\n}\n<\/style>\n<div class='flex_cell av-3t9fpw-8361295bd846b586804b097b2a97214b av-gridrow-cell av_one_fifth no_margin av-hide-on-mobile  avia-builder-el-5  el_after_av_cell_one_fifth  el_before_av_cell_one_fifth  content-align-middle'  ><div class='flex_cell_inner'><\/div><\/div>\n<style type=\"text\/css\" data-created_by=\"avia_inline_auto\" id=\"style-css-av-2lh7w4-5f834d7402de8214bf9755fb51eb1ed8\">\n.flex_cell.av-2lh7w4-5f834d7402de8214bf9755fb51eb1ed8{\nvertical-align:middle;\nheight:75px;\nmin-height:75px;\nbackground-color:rgba(209,216,49,0.61);\n}\n<\/style>\n<div class='flex_cell av-2lh7w4-5f834d7402de8214bf9755fb51eb1ed8 av-gridrow-cell av_one_fifth no_margin av-hide-on-mobile  avia-builder-el-6  el_after_av_cell_one_fifth  avia-builder-el-last  content-align-middle'  ><div class='flex_cell_inner'><\/div><\/div>\n<\/div>\n\n<style type=\"text\/css\" data-created_by=\"avia_inline_auto\" id=\"style-css-av-4d9ln8-21a5df5cfa1546f174ed80ecd0d459c1\">\n.avia-section.av-4d9ln8-21a5df5cfa1546f174ed80ecd0d459c1{\nbackground-color:#d1d831;\nbackground-image:unset;\nmargin-top:0px;\nmargin-bottom:0px;\n}\n<\/style>\n<div id='anker_leitlinien'  class='avia-section av-4d9ln8-21a5df5cfa1546f174ed80ecd0d459c1 main_color avia-section-no-padding avia-no-border-styling  avia-builder-el-7  el_after_av_layout_row  el_before_av_section  av-desktop-hide av-medium-hide avia-bg-style-scroll container_wrap sidebar_right'  ><div class='container av-section-cont-open' ><div class='template-page content  av-content-small alpha units'><div class='post-entry post-entry-type-page post-entry-7668'><div class='entry-content-wrapper clearfix'>\n\n<style type=\"text\/css\" data-created_by=\"avia_inline_auto\" id=\"style-css-av-6vpyc-97e2e59d504ee15453f1d0b9b7e6019a\">\n#top .hr.hr-invisible.av-6vpyc-97e2e59d504ee15453f1d0b9b7e6019a{\nheight:50px;\n}\n<\/style>\n<div  class='hr av-6vpyc-97e2e59d504ee15453f1d0b9b7e6019a hr-invisible  avia-builder-el-8  el_before_av_heading  avia-builder-el-first '><span class='hr-inner '><span class=\"hr-inner-style\"><\/span><\/span><\/div>\n\n<style type=\"text\/css\" data-created_by=\"avia_inline_auto\" id=\"style-css-av-l3cpy06q-955495fe9f7242d0efcfdbe2dc5173cd\">\n#top .av-special-heading.av-l3cpy06q-955495fe9f7242d0efcfdbe2dc5173cd{\nmargin:0 0 -50px 0;\npadding-bottom:0;\ncolor:#ffffff;\n}\nbody .av-special-heading.av-l3cpy06q-955495fe9f7242d0efcfdbe2dc5173cd .av-special-heading-tag .heading-char{\nfont-size:25px;\n}\n.av-special-heading.av-l3cpy06q-955495fe9f7242d0efcfdbe2dc5173cd .special-heading-inner-border{\nborder-color:#ffffff;\n}\n.av-special-heading.av-l3cpy06q-955495fe9f7242d0efcfdbe2dc5173cd .av-subheading{\nfont-size:15px;\n}\n<\/style>\n<div  class='av-special-heading av-l3cpy06q-955495fe9f7242d0efcfdbe2dc5173cd av-special-heading-h2 custom-color-heading blockquote modern-quote modern-centered  avia-builder-el-9  el_after_av_hr  avia-builder-el-last '><h2 class='av-special-heading-tag '  itemprop=\"headline\"  >IMPRESSUM<\/h2><div class=\"special-heading-border\"><div class=\"special-heading-inner-border\"><\/div><\/div><\/div>\n\n<\/div><\/div><\/div><!-- close content main div --><\/div><\/div>\n<style type=\"text\/css\" data-created_by=\"avia_inline_auto\" id=\"style-css-av-4fnf3j6-5faf79118a434c0a7e5b5827d0b84db8\">\n.avia-section.av-4fnf3j6-5faf79118a434c0a7e5b5827d0b84db8{\nbackground-color:#e6e7ef;\nbackground-image:url(https:\/\/scriptor.de\/wp-content\/uploads\/2022\/02\/BG_Hauswand-2.png);\nbackground-repeat:no-repeat;\nbackground-position:50% 0%;\nbackground-attachment:scroll;\n}\n<\/style>\n<div id='av_section_2'  class='avia-section av-4fnf3j6-5faf79118a434c0a7e5b5827d0b84db8 main_color avia-section-default avia-no-border-styling  avia-builder-el-10  el_after_av_section  avia-builder-el-last  avia-bg-style-scroll av-minimum-height av-minimum-height-custom av-height-custom  container_wrap sidebar_right'  data-section-bg-repeat='no-repeat' data-av_minimum_height_px='350'><div class='container av-section-cont-open' style='height:350px'><div class='template-page content  av-content-small alpha units'><div class='post-entry post-entry-type-page post-entry-7668'><div class='entry-content-wrapper clearfix'>\n<div  class='flex_column av-4ca1gfm-b1719766823bae4ed438afe9acfb16cc av_two_third  avia-builder-el-11  avia-builder-el-no-sibling  first flex_column_div  '     ><p>\n<style type=\"text\/css\" data-created_by=\"avia_inline_auto\" id=\"style-css-av-3axxfo-793ab19bccfffe58789c02992bfb9111\">\n#top .hr.hr-invisible.av-3axxfo-793ab19bccfffe58789c02992bfb9111{\nheight:15px;\n}\n<\/style>\n<div  class='hr av-3axxfo-793ab19bccfffe58789c02992bfb9111 hr-invisible  avia-builder-el-12  el_before_av_textblock  avia-builder-el-first '><span class='hr-inner '><span class=\"hr-inner-style\"><\/span><\/span><\/div><br \/>\n<section  class='av_textblock_section av-l06gtlk7-a0e6ebf2c24c94801e68a2c94cb3e1c5 '   itemscope=\"itemscope\" itemtype=\"https:\/\/schema.org\/CreativeWork\" ><div class='avia_textblock'  itemprop=\"text\" ><p><b>Scriptor Dokumentations Service GmbH<br \/>\n<b>Krackser Stra\u00dfe 12c<\/b><br \/>\n<b>33659 Bielefeld<\/b><\/b><\/p>\n<p><b>Tel:<\/b> +49 163 6195118\u00a0 (vorl\u00e4ufige Rufnummer)<\/p>\n<p><b>e-mail:<\/b>\u00a0info@scriptor.de<br \/>\n<b>web:<\/b>\u00a0www.scriptor.de<\/p>\n<\/div><\/section><br \/>\n\n<style type=\"text\/css\" data-created_by=\"avia_inline_auto\" id=\"style-css-av-kzgtuhfl-bf900f30ef62d389cdccbcb8af5cd20d\">\n#top .hr.hr-invisible.av-kzgtuhfl-bf900f30ef62d389cdccbcb8af5cd20d{\nheight:90px;\n}\n<\/style>\n<div  class='hr av-kzgtuhfl-bf900f30ef62d389cdccbcb8af5cd20d hr-invisible  avia-builder-el-14  el_after_av_textblock  el_before_av_textblock '><span class='hr-inner '><span class=\"hr-inner-style\"><\/span><\/span><\/div><br \/>\n<section  class='av_textblock_section av-kzgtgpht-f4ba68734ac10f3800f792dc71fdf12f '   itemscope=\"itemscope\" itemtype=\"https:\/\/schema.org\/CreativeWork\" ><div class='avia_textblock'  itemprop=\"text\" ><p><b>Gesch\u00e4ftsf\u00fchrerin:<\/b><br \/>\nHeike Hettwer<\/p>\n<p><b>Handelsregister: <\/b><br \/>\nAmtsgericht Bielefeld, HRB 34422<\/p>\n<p><b>Umsatzsteuer-ID:<br \/>\n<\/b>DE 126948812<\/p>\n<p><b>Das Impressum gilt f\u00fcr die Internetpr\u00e4senz der Firma Scriptor Dokumentations Service GmbH unter der Adresse:<br \/>\n<\/b>www.scriptor.de<\/p>\n<p><b>Inhaltliche Verantwortung:<br \/>\n<\/b>Heike Hettwer<\/p>\n<p><b>Datenschutz<br \/>\n<\/b>Die im Rahmen der Benutzung unserer Webseiten erhobenen personenbezogenen Daten werden nur zum Zweck der Bearbeitung Ihrer Anfragen intern bei uns genutzt und nicht an Dritte weitergegeben.<\/p>\n<p><b>Urheberrechte<br \/>\n<\/b>Die Inhalte dieser Webseiten sind urheberrechtlich gesch\u00fctzt. Ohne schriftliche Genehmigung der Scriptor Dokumentations Service GmbH d\u00fcrfen diese Webseiten nicht reproduziert oder verbreitet, weder ver\u00e4ndert noch auf anderen Webseiten verwendet werden.<\/p>\n<p>Wir weisen darauf hin, dass einige Webseiten der Scriptor Dokumentations Service GmbH auch Bilder, Logos und Markennamen enthalten, die dem Urheberrecht derjenigen unterliegen, die diese zur Verf\u00fcgung gestellt haben.<\/p>\n<p><b>Verweise und Links<\/b><br \/>\nDiese Webseiten erhalten Verkn\u00fcpfungen zu Webseiten Dritter (\u201eexterne Links\u201c). Trotz sorgf\u00e4ltiger Kontrolle \u00fcbernimmt die Scriptor Dokumentations Service GmbH keine Haftung f\u00fcr die Inhalte externer Links. F\u00fcr den Inhalt der verlinkten Seiten sind ausschlie\u00dflich deren Betreiber verantwortlich.<\/p>\n<p><b>Lizenz<br \/>\n<\/b>Die Scriptor Dokumentations Service GmbH m\u00f6chte sich Ihnen mit einem innovativen und informativen Internet-Auftritt pr\u00e4sentieren. Das darin enthaltene geistige Eigentum wie Layout, Illustrationen, Marken und Urheberrechte ist gesch\u00fctzt. Durch diese Webseiten wird keine Lizenz zur Nutzung des geistigen Eigentums der Scriptor Dokumentations Service GmbH oder Dritter erteilt.<\/p>\n<p><b>Gerichtsstand, Rechtswahl<br \/>\n<\/b>S\u00e4mtliche Informationen oder Daten sowie s\u00e4mtliches Tun, Nutzen oder Unterlassen im Zusammenhang mit diesen Webseiten unterliegen ausschlie\u00dflich deutschem Recht.<\/p>\n<p>Der Firmensitz der Scriptor Dokumentations Service GmbH ist ausschlie\u00dflicher Gerichtsstand f\u00fcr alle sich aus der Nutzung der Webseiten unmittelbar und mittelbar ergebenden Streitigkeiten.<\/p>\n<p><b>Mai 2022<\/b><\/p>\n<\/div><\/section><\/p><\/div><\/div><\/div><\/div><!-- close content main div --><\/div><\/div><div id='after_section_2'  class='main_color av_default_container_wrap container_wrap sidebar_right'  ><div class='container av-section-cont-open' ><div class='template-page content  av-content-small alpha units'><div class='post-entry post-entry-type-page post-entry-7668'><div class='entry-content-wrapper clearfix'>\n","protected":false},"excerpt":{"rendered":"","protected":false},"author":4,"featured_media":0,"parent":0,"menu_order":0,"comment_status":"closed","ping_status":"closed","template":"","meta":{"footnotes":""},"class_list":["post-7668","page","type-page","status-publish","hentry"],"_links":{"self":[{"href":"https:\/\/scriptor.de\/index.php?rest_route=\/wp\/v2\/pages\/7668","targetHints":{"allow":["GET"]}}],"collection":[{"href":"https:\/\/scriptor.de\/index.php?rest_route=\/wp\/v2\/pages"}],"about":[{"href":"https:\/\/scriptor.de\/index.php?rest_route=\/wp\/v2\/types\/page"}],"author":[{"embeddable":true,"href":"https:\/\/scriptor.de\/index.php?rest_route=\/wp\/v2\/users\/4"}],"replies":[{"embeddable":true,"href":"https:\/\/scriptor.de\/index.php?rest_route=%2Fwp%2Fv2%2Fcomments&post=7668"}],"version-history":[{"count":10,"href":"https:\/\/scriptor.de\/index.php?rest_route=\/wp\/v2\/pages\/7668\/revisions"}],"predecessor-version":[{"id":20722,"href":"https:\/\/scriptor.de\/index.php?rest_route=\/wp\/v2\/pages\/7668\/revisions\/20722"}],"wp:attachment":[{"href":"https:\/\/scriptor.de\/index.php?rest_route=%2Fwp%2Fv2%2Fmedia&parent=7668"}],"curies":[{"name":"wp","href":"https:\/\/api.w.org\/{rel}","templated":true}]}}